0 is divided by d?
11
Suppose 4*c = 5*y - 285, 0 = y + c - 21 - 45. Suppose 2*m = m + y. Suppose 304 - 1482 = -29*h - 9*h. Calculate the remainder when m is divided by h.
30
Let k = -7 + 9. Let z be k/(-8) + (-348)/16. What is the remainder when z/33 + 236/3 is divided by 27?
24
Suppose -3*o = 3*p - 168, 9*o - 12*o + 166 = p. What is the remainder when o is divided by 23?
9
What is the remainder when (16/10)/((-21)/(-210)) is divided by 3?
1
Calculate the remainder when -20*24/(-50)*200/30 is divided by 37.
27
Let o be ((-20)/(-6))/(2/6). Let d = 63 + o. Suppose -m - 35 = -2*r - 52, 3*r - 22 = -m. Calculate the remainder when d is divided by m.
16
Suppose -4*o = 2*j - 482, 7*j - 6*j + 592 = 5*o. What is the remainder when o is divided by 34?
17
Suppose 5*j + x + 9 = 0, 11 = 3*j - 3*x + 2. Calculate the remainder when 2 is divided by -1*(-1 + j) + -1.
0
Let v(j) = 10*j + 3. Let p be v(-6). Let z = 92 + p. Suppose 2*l + 28 = 2*m, 5*m - l = 3*m + 23. Calculate the remainder when z is divided by m.
8
Calculate the remainder when 56 is divided by (-4)/(-1 - 3)*19.
18
Let n(o) = o**3 + 11*o**2 + 10*o + 3. Let g be n(-10). Let j(l) = -l + 6. Calculate the remainder when 8 is divided by j(g).
2
Let x(k) = 107*k + 150. Calculate the remainder when x(3) is divided by 43.
41
Let i(t) = 2*t**3 - 16*t**2 + 21. What is the remainder when i(8) is divided by 10?
1
Let a be 6/1 - (3 - 0). Suppose -a*b - 15 = 0, 5*s - b - 2*b = 75. What is the remainder when 47 is divided by s?
11
Suppose -170 - 324 = -19*p. Let d(v) = -v**2 - 5*v + 6. What is the remainder when p is divided by d(-5)?
2
Suppose -12*n = -10*n - 420. Suppose 0 = -6*q + 13*q - n. What is the remainder when q is divided by 16?
14
Let o = 41 + -15. Suppose -x - o = -6*x - 2*m, -x + 1 = -m. What is the remainder when 4 is divided by x?
0
Let y = -46 - -64. What is the remainder when 32 is divided by y*(1/(-4))/(1/(-4))?
14
Let j = 11 + -45. Let i = -22 - j. What is the remainder when 59 is divided by i?
11
Suppose -24 = 4*o - 108. Let f = o + 1. Let c = -7 + f. What is the remainder when 59 is divided by c?
14
Suppose 14 = -h + 9, -5*t - h + 700 = 0. Calculate the remainder when t is divided by 37.
30
Let z be 2/(-4)*2 - -3. Let q be (34 - 1)/(3/2). Suppose -k = z, -q - 9 = -b + 4*k. Calculate the remainder when 67 is divided by b.
21
Let q = 35 + -29. Suppose 15*f = q*f + 135. What is the remainder when 40 is divided by f?
10
Suppose 2*o + 8 = -2*o, o + 2 = c. Suppose -i = -c*m + 4*m + 17, 0 = -i - 5. What is the remainder when 12*(m - (-7 - 1)) is divided by 31?
29
Let r(m) = m**2 + 3*m - 7. Calculate the remainder when 10*(76/12 + -6)/((-4)/(-12)) is divided by r(-5).
1
What is the remainder when 15/(-10)*(-3798)/27 is divided by 55?
46
Let u(v) = 8*v**2 - 28. Suppose 4*t - 70 - 86 = 0. Let d = t + -24. Calculate the remainder when u(-3) is divided by d.
14
Suppose 0 = -5*q + c + 2*c + 75, 5*c = 2*q - 30. Calculate the remainder when q is divided by 2.
1
Suppose 0 = u - 2*z - 8, 3*u - 3*z - 2*z - 20 = 0. Suppose 4*i - 2*i - 94 = u. What is the remainder when i is divided by (16/32)/(94/(-48) - -2)?
11
Suppose 6*d + 6 = 4*d, -3*d = 3*m - 252. Let k = -80 + m. Calculate the remainder when 25 is divided by k.
4
Suppose 15 = 2*t - 7. Suppose -10*p + 9*p + 4 = 0. Suppose -t - 11 = -2*o - 4*k, p*k + 92 = 4*o. What is the remainder when o is divided by 10?
9
Let a(c) = c**3 + 10*c**2 + 9*c + 5. Let f be a(-9). Suppose 21 - 6 = -f*s. Calculate the remainder when -1 - 0 - (s + -23) is divided by 13.
12
Let s = -147 - -233. Calculate the remainder when s is divided by 9.
5
What is the remainder when 2/(-11) + (-43380)/(-99) is divided by 25?
13
Suppose -4*d + 0*z = 2*z - 30, -5*z + 40 = 3*d. Let l = -1033 + 1056. Calculate the remainder when l is divided by d.
3
Let p = 4 - -35. Calculate the remainder when p is divided by 8.
7
Suppose -2 = -s + 2, -5*s = -5*l + 105. Suppose g + 8*r - 39 = 5*r, 3*g - 135 = -3*r. What is the remainder when g is divided by l?
23
What is the remainder when 417*9/81 - (-1)/(-3) is divided by 2?
0
Suppose h + 16 = 5*h. Suppose h*d - 66 = 22. Let p(k) = -3*k - 1. What is the remainder when d is divided by p(-3)?
6
Let u = 2598 + -1349. Suppose -7*l + u = -1005. What is the remainder when l is divided by 54?
52
Let i(k) = -90*k**2 + 1 - 3 - 3*k + 219*k**2 + 0. Calculate the remainder when i(-1) is divided by 12.
10
Let p = -72 - -133. Calculate the remainder when p is divided by 22.
17
Let d(i) = 8*i - 8. Let a be d(4). Suppose -f = -5*f + a. Calculate the remainder when 23 is divided by f.
5
Let h = 9 - 6. Let w(o) = o - 1. Calculate the remainder when (h/9)/((-1)/(-39)) is divided by w(8).
6
Suppose 0 = 2*q - 2*c - 5 - 13, 3*c = 2*q - 16. Let s = q + 18. What is the remainder when 83 is divided by s?
25
Let p = -71 + 38. Calculate the remainder when 18 is divided by (-1)/(3/p) - 1.
8
Calculate the remainder when (8/6)/((-144)/(-8532)) is divided by 19.
3
Let v = -106 - -125. Calculate the remainder when 63 is divided by v.
6
What is the remainder when 162 is divided by (-319)/(-22) - 4/(-8)?
12
What is the remainder when 76 is divided by (3/1)/(10/130)?
37
Let j be (-26)/(-7) - (-16)/56. Suppose -j*m = -3*y + 41 - 222, 5*m = 4*y + 226. Calculate the remainder when m is divided by 12.
10
What is the remainder when (40/(-80))/(1/(2 + -224)) is divided by 33?
12
Let b = -64 - -165. What is the remainder when b is divided by 34?
33
Let v = -2 - -5. Suppose v*i - 87 + 10 = 4*u, i - 19 = -2*u. Calculate the remainder when 43 is divided by i.
20
Let k(s) = 5*s**2 + 9*s + 0 - 2 - 10*s. What is the remainder when 38 is divided by k(-2)?
18
What is the remainder when 269 + -5 + (4 - 25/5) is divided by 90?
83
Let k(q) = -11*q - 9*q + 6*q + 26 - q**2. What is the remainder when k(-12) is divided by 26?
24
Calculate the remainder when (119/(-34))/(4/8) - -67 is divided by 59.
1
Let w(j) = 12*j + 23. Let q be w(-7). What is the remainder when 2 - 1 - -1 - q is divided by 32?
31
Let o(g) = 7 - 5*g**2 - 8*g + 3*g**2 - 6*g - 2*g. Suppose 0 = d - 5. What is the remainder when o(-8) is divided by d?
2
Let d(x) = -x**2 + 34*x + 43. What is the remainder when 311 is divided by d(35)?
7
Let v = -1127 - -1220. What is the remainder when 274 is divided by v?
88
Suppose 6*f + 2*a + 8 = 4*f, -3*a - 12 = f. Suppose -9 = 3*i, -4*m - 3*i = -f*m + 161. Let n = -1 - m. What is the remainder when n is divided by 13?
11
Let g(q) = -q + 12. Let c(r) be the second derivative of -r**3/6 + 2*r**2 + 3*r. What is the remainder when c(-9) is divided by g(7)?
3
Let y(l) = -16*l + 92. What is the remainder when y(0) is divided by 19?
16
Let w be 2*2/(-12) + 196/(-6). Suppose 3*g + 3*c + 63 = -0*g, 42 = -2*g + 4*c. Let o = g - w. Calculate the remainder when 33 is divided by o.
9
Suppose -2*y + 2 + 2 = 0. Let l be (-6 + -2)*y/(-4). Suppose -l*b + 2*q + 226 = 0, -2*q = 5*b + 3*q - 260. Calculate the remainder when b is divided by 14.
13
Let b(z) = -z**3 - 4*z**2 - 5*z - 1. What is the remainder when b(-5) is divided by 200/150 + (-20)/(-12) + 2?
4
Let w(h) = -5*h - 19. Let t be (-153)/21 + (-6)/(-21). Calculate the remainder when 61 is divided by w(t).
13
Let y = -4 - -13. Let v(i) = 25*i. Calculate the remainder when v(1) is divided by (-6)/y + (-123)/(-9).
12
Suppose 2*m = 4, 6*r = 5*r - 3*m + 116. Calculate the remainder when r is divided by 34.
8
Suppose 0 = -7*y + y + 30. Let c = 18 - y. Calculate the remainder when 115 is divided by c.
11
Suppose v = 5*q - 24, 3*q - q + 4*v = 14. Let h = 0 + 2. Let z = h + 1. What is the remainder when q is divided by z?
2
Let m = 11 - 8. Suppose -2 = m*v - 2*v. Let y = 7 + v. What is the remainder when 13 is divided by y?
3
Suppose -5*x + 25 = 5*i, -5*i = -x - i + 25. Suppose w + 4 = x. Let j(v) = 20*v + 5. Calculate the remainder when j(w) is divided by 27.
24
Let v(f) = -f**3 + 9*f**2 + 2*f + 13. Calculate the remainder when 90 is divided by v(9).
28
Suppose -3*b + 0*b = 2*b. What is the remainder when 17 is divided by 24/4 + (4 - b)?
7
Suppose r + 182 = 208. Suppose -11*y = 4 - r. What is the remainder when 6 is divided by y?
0
Suppose 4*u + 50 - 143 = -w, 2*u = w + 39. Suppose -6*o - 4 = -u. Suppose 16 - o = l. Calculate the remainder when l is divided by 3.
1
Suppose -83